{"id":1120,"date":"2020-05-20T18:13:28","date_gmt":"2020-05-20T18:13:28","guid":{"rendered":"http:\/\/www.viveroscastromartinez.com\/?page_id=1120"},"modified":"2020-07-10T11:40:48","modified_gmt":"2020-07-10T11:40:48","slug":"tutor-de-fibra-de-vidrio","status":"publish","type":"page","link":"http:\/\/www.viveroscastromartinez.com\/index.php\/tutor-de-fibra-de-vidrio\/","title":{"rendered":"Tutor de fibra de vidrio"},"content":{"rendered":"\r\n<div class=\"wp-block-columns\">\r\n<div class=\"wp-block-column\" style=\"flex-basis: 33.33%;\">\r\n<figure class=\"wp-block-image size-large is-style-rounded\"><img class=\"wp-image-176\" src=\"http:\/\/www.viveroscastromartinez.com\/wp-content\/uploads\/2020\/04\/Accesorios-principal-H-.png\" alt=\"\" \/><\/figure>\r\n<\/div>\r\n<div class=\"wp-block-column\" style=\"flex-basis: 66.66%;\">\r\n<h4>CARACTER\u00cdSTICAS<\/h4>\r\n<p style=\"text-align: justify;\"><span style=\"font-size: 14pt;\">El tutor de fibra de vidrio est\u00e1 fabricado a partir de perfiles de poli\u00e9ster y reforzados con fibra de vidrio. Gracias a esto, tienen una alta resistencia al agua. Por tanto, una durabilidad mayor que cualquier otro tipo de ca\u00f1a o tutor. Ofrece firmeza y resistencia al choque. No requiere mantenimiento alguno. <\/span><\/p>\r\n<p style=\"text-align: justify;\"><span style=\"font-size: 14pt;\">Los principales usos del tutor de fibra de vidrio en agricultura son entre otros: soporte de plantas en \u00a0arboricultura, plantaciones intensivas de olivos&#8230; Tambi\u00e9n como sustituci\u00f3n a los postes extremos de hierro o acacia en plantaciones de arbolado.<\/span><\/p>\r\n<h4>VENTAJAS<\/h4>\r\n<ul>\r\n<li style=\"text-align: justify;\"><span style=\"font-size: 14pt;\">Conseguir que la planta crezca de una manera vertical.<\/span><\/li>\r\n<li style=\"text-align: justify;\"><span style=\"font-size: 14pt;\">Conseguir que los tallos de nuestros cultivos sean menos fr\u00e1giles y se puedan romper o da\u00f1ar.<\/span><\/li>\r\n<li style=\"text-align: justify;\"><span style=\"font-size: 14pt;\">Aprovechar del espacio, es decir, cu\u00e1nto m\u00e1s organizados tengamos los cultivos, m\u00e1s cantidad de plantas podremos tener o mejores zonas de paso tendremos sin da\u00f1ar las plantas.<\/span><\/li>\r\n<\/ul>\r\n\r\n\r\n\r\n<h4><a href=\"http:\/\/www.viveroscastromartinez.com\/index.php\/tutores-para-plantas\/\"><strong>\u00bfPARA QU\u00c9 SIRVEN?<\/strong><\/a><\/h4>\r\n<h4><a href=\"http:\/\/www.viveroscastromartinez.com\/index.php\/tutores-para-plantas\/\"><strong>FORMA DE COLOCACI\u00d3N<\/strong><\/a><\/h4>\r\n\r\n\r\n<\/div>\r\n<\/div>\r\n\r\n\r\n\r\n<div class=\"wp-block-buttons aligncenter\">\r\n<div class=\"wp-block-button\"><a class=\"wp-block-button__link\" href=\"http:\/\/www.viveroscastromartinez.com\/index.php\/tutor-sintetico\/\">TUTOR SINT\u00c9TICO<\/a><\/div>\r\n\r\n\r\n\r\n<div class=\"wp-block-button\"><a class=\"wp-block-button__link\" href=\"http:\/\/www.viveroscastromartinez.com\/index.php\/tutor-de-bambu\/\">TUTOR DE BAMB\u00da<\/a><\/div>\r\n\r\n\r\n\r\n<div class=\"wp-block-button\"><a class=\"wp-block-button__link\" href=\"http:\/\/www.viveroscastromartinez.com\/index.php\/protectores-para-plantas\/\">PROTECTOR<\/a><\/div>\r\n\r\n\r\n\r\n<div class=\"wp-block-button\"><a class=\"wp-block-button__link\" href=\"http:\/\/www.viveroscastromartinez.com\/index.php\/presupuesto\/\">PRESUPUESTO<\/a><\/div>\r\n<\/div>\r\n","protected":false},"excerpt":{"rendered":"<p>\u00bfPARA QU\u00c9 SIRVEN? FORMA DE COLOCACI\u00d3N<\/p>\n","protected":false},"author":1,"featured_media":0,"parent":0,"menu_order":0,"comment_status":"closed","ping_status":"closed","template":"","meta":[],"yoast_head":"<!-- This site is optimized with the Yoast SEO plugin v17.0 - https:\/\/yoast.com\/wordpress\/plugins\/seo\/ -->\n<title>Tutor de fibra de vidrio - Viveros de Olivos y Almendros Castro Mart\u00ednez<\/title>\n<meta name=\"description\" content=\"Tutor de fibra de vidrio, fabricado a partir de perfiles de poli\u00e9ster y reforzados con fibra de vidrio, tienen una durabilidad mayor.\" \/>\n<meta name=\"robots\" content=\"index, follow, max-snippet:-1, max-image-preview:large, max-video-preview:-1\" \/>\n<link rel=\"canonical\" href=\"http:\/\/www.viveroscastromartinez.com\/index.php\/tutor-de-fibra-de-vidrio\/\" \/>\n<meta property=\"og:locale\" content=\"es_ES\" \/>\n<meta property=\"og:type\" content=\"article\" \/>\n<meta property=\"og:title\" content=\"Tutor de fibra de vidrio - Viveros de Olivos y Almendros Castro Mart\u00ednez\" \/>\n<meta property=\"og:description\" content=\"Tutor de fibra de vidrio, fabricado a partir de perfiles de poli\u00e9ster y reforzados con fibra de vidrio, tienen una durabilidad mayor.\" \/>\n<meta property=\"og:url\" content=\"http:\/\/www.viveroscastromartinez.com\/index.php\/tutor-de-fibra-de-vidrio\/\" \/>\n<meta property=\"og:site_name\" content=\"Viveros Castro Mart&iacute;nez\" \/>\n<meta property=\"article:modified_time\" content=\"2020-07-10T11:40:48+00:00\" \/>\n<meta property=\"og:image\" content=\"http:\/\/www.viveroscastromartinez.com\/wp-content\/uploads\/2020\/04\/Accesorios-principal-H-.png\" \/>\n<meta name=\"twitter:card\" content=\"summary_large_image\" \/>\n<meta name=\"twitter:label1\" content=\"Tiempo de lectura\" \/>\n\t<meta name=\"twitter:data1\" content=\"1 minuto\" \/>\n<script type=\"application\/ld+json\" class=\"yoast-schema-graph\">{\"@context\":\"https:\/\/schema.org\",\"@graph\":[{\"@type\":\"WebSite\",\"@id\":\"https:\/\/www.viveroscastromartinez.com\/#website\",\"url\":\"https:\/\/www.viveroscastromartinez.com\/\",\"name\":\"Viveros Castro Mart&iacute;nez\",\"description\":\"Producci&oacute;n y venta de plantones de olivos y almendros\",\"potentialAction\":[{\"@type\":\"SearchAction\",\"target\":{\"@type\":\"EntryPoint\",\"urlTemplate\":\"https:\/\/www.viveroscastromartinez.com\/?s={search_term_string}\"},\"query-input\":\"required name=search_term_string\"}],\"inLanguage\":\"es\"},{\"@type\":\"ImageObject\",\"@id\":\"http:\/\/www.viveroscastromartinez.com\/index.php\/tutor-de-fibra-de-vidrio\/#primaryimage\",\"inLanguage\":\"es\",\"url\":\"http:\/\/www.viveroscastromartinez.com\/wp-content\/uploads\/2020\/04\/Accesorios-principal-H-.png\",\"contentUrl\":\"http:\/\/www.viveroscastromartinez.com\/wp-content\/uploads\/2020\/04\/Accesorios-principal-H-.png\",\"width\":813,\"height\":652,\"caption\":\"Olivo con tutor y protector\"},{\"@type\":\"WebPage\",\"@id\":\"http:\/\/www.viveroscastromartinez.com\/index.php\/tutor-de-fibra-de-vidrio\/#webpage\",\"url\":\"http:\/\/www.viveroscastromartinez.com\/index.php\/tutor-de-fibra-de-vidrio\/\",\"name\":\"Tutor de fibra de vidrio - Viveros de Olivos y Almendros Castro Mart\\u00ednez\",\"isPartOf\":{\"@id\":\"https:\/\/www.viveroscastromartinez.com\/#website\"},\"primaryImageOfPage\":{\"@id\":\"http:\/\/www.viveroscastromartinez.com\/index.php\/tutor-de-fibra-de-vidrio\/#primaryimage\"},\"datePublished\":\"2020-05-20T18:13:28+00:00\",\"dateModified\":\"2020-07-10T11:40:48+00:00\",\"description\":\"Tutor de fibra de vidrio, fabricado a partir de perfiles de poli\\u00e9ster y reforzados con fibra de vidrio, tienen una durabilidad mayor.\",\"breadcrumb\":{\"@id\":\"http:\/\/www.viveroscastromartinez.com\/index.php\/tutor-de-fibra-de-vidrio\/#breadcrumb\"},\"inLanguage\":\"es\",\"potentialAction\":[{\"@type\":\"ReadAction\",\"target\":[\"http:\/\/www.viveroscastromartinez.com\/index.php\/tutor-de-fibra-de-vidrio\/\"]}]},{\"@type\":\"BreadcrumbList\",\"@id\":\"http:\/\/www.viveroscastromartinez.com\/index.php\/tutor-de-fibra-de-vidrio\/#breadcrumb\",\"itemListElement\":[{\"@type\":\"ListItem\",\"position\":1,\"name\":\"Portada\",\"item\":\"https:\/\/www.viveroscastromartinez.com\/\"},{\"@type\":\"ListItem\",\"position\":2,\"name\":\"Tutor de fibra de vidrio\"}]}]}<\/script>\n<!-- \/ Yoast SEO plugin. -->","yoast_head_json":{"title":"Tutor de fibra de vidrio - Viveros de Olivos y Almendros Castro Mart\u00ednez","description":"Tutor de fibra de vidrio, fabricado a partir de perfiles de poli\u00e9ster y reforzados con fibra de vidrio, tienen una durabilidad mayor.","robots":{"index":"index","follow":"follow","max-snippet":"max-snippet:-1","max-image-preview":"max-image-preview:large","max-video-preview":"max-video-preview:-1"},"canonical":"http:\/\/www.viveroscastromartinez.com\/index.php\/tutor-de-fibra-de-vidrio\/","og_locale":"es_ES","og_type":"article","og_title":"Tutor de fibra de vidrio - Viveros de Olivos y Almendros Castro Mart\u00ednez","og_description":"Tutor de fibra de vidrio, fabricado a partir de perfiles de poli\u00e9ster y reforzados con fibra de vidrio, tienen una durabilidad mayor.","og_url":"http:\/\/www.viveroscastromartinez.com\/index.php\/tutor-de-fibra-de-vidrio\/","og_site_name":"Viveros Castro Mart&iacute;nez","article_modified_time":"2020-07-10T11:40:48+00:00","og_image":[{"url":"http:\/\/www.viveroscastromartinez.com\/wp-content\/uploads\/2020\/04\/Accesorios-principal-H-.png"}],"twitter_card":"summary_large_image","twitter_misc":{"Tiempo de lectura":"1 minuto"},"schema":{"@context":"https:\/\/schema.org","@graph":[{"@type":"WebSite","@id":"https:\/\/www.viveroscastromartinez.com\/#website","url":"https:\/\/www.viveroscastromartinez.com\/","name":"Viveros Castro Mart&iacute;nez","description":"Producci&oacute;n y venta de plantones de olivos y almendros","potentialAction":[{"@type":"SearchAction","target":{"@type":"EntryPoint","urlTemplate":"https:\/\/www.viveroscastromartinez.com\/?s={search_term_string}"},"query-input":"required name=search_term_string"}],"inLanguage":"es"},{"@type":"ImageObject","@id":"http:\/\/www.viveroscastromartinez.com\/index.php\/tutor-de-fibra-de-vidrio\/#primaryimage","inLanguage":"es","url":"http:\/\/www.viveroscastromartinez.com\/wp-content\/uploads\/2020\/04\/Accesorios-principal-H-.png","contentUrl":"http:\/\/www.viveroscastromartinez.com\/wp-content\/uploads\/2020\/04\/Accesorios-principal-H-.png","width":813,"height":652,"caption":"Olivo con tutor y protector"},{"@type":"WebPage","@id":"http:\/\/www.viveroscastromartinez.com\/index.php\/tutor-de-fibra-de-vidrio\/#webpage","url":"http:\/\/www.viveroscastromartinez.com\/index.php\/tutor-de-fibra-de-vidrio\/","name":"Tutor de fibra de vidrio - Viveros de Olivos y Almendros Castro Mart\u00ednez","isPartOf":{"@id":"https:\/\/www.viveroscastromartinez.com\/#website"},"primaryImageOfPage":{"@id":"http:\/\/www.viveroscastromartinez.com\/index.php\/tutor-de-fibra-de-vidrio\/#primaryimage"},"datePublished":"2020-05-20T18:13:28+00:00","dateModified":"2020-07-10T11:40:48+00:00","description":"Tutor de fibra de vidrio, fabricado a partir de perfiles de poli\u00e9ster y reforzados con fibra de vidrio, tienen una durabilidad mayor.","breadcrumb":{"@id":"http:\/\/www.viveroscastromartinez.com\/index.php\/tutor-de-fibra-de-vidrio\/#breadcrumb"},"inLanguage":"es","potentialAction":[{"@type":"ReadAction","target":["http:\/\/www.viveroscastromartinez.com\/index.php\/tutor-de-fibra-de-vidrio\/"]}]},{"@type":"BreadcrumbList","@id":"http:\/\/www.viveroscastromartinez.com\/index.php\/tutor-de-fibra-de-vidrio\/#breadcrumb","itemListElement":[{"@type":"ListItem","position":1,"name":"Portada","item":"https:\/\/www.viveroscastromartinez.com\/"},{"@type":"ListItem","position":2,"name":"Tutor de fibra de vidrio"}]}]}},"_links":{"self":[{"href":"http:\/\/www.viveroscastromartinez.com\/index.php\/wp-json\/wp\/v2\/pages\/1120"}],"collection":[{"href":"http:\/\/www.viveroscastromartinez.com\/index.php\/wp-json\/wp\/v2\/pages"}],"about":[{"href":"http:\/\/www.viveroscastromartinez.com\/index.php\/wp-json\/wp\/v2\/types\/page"}],"author":[{"embeddable":true,"href":"http:\/\/www.viveroscastromartinez.com\/index.php\/wp-json\/wp\/v2\/users\/1"}],"replies":[{"embeddable":true,"href":"http:\/\/www.viveroscastromartinez.com\/index.php\/wp-json\/wp\/v2\/comments?post=1120"}],"version-history":[{"count":15,"href":"http:\/\/www.viveroscastromartinez.com\/index.php\/wp-json\/wp\/v2\/pages\/1120\/revisions"}],"predecessor-version":[{"id":1364,"href":"http:\/\/www.viveroscastromartinez.com\/index.php\/wp-json\/wp\/v2\/pages\/1120\/revisions\/1364"}],"wp:attachment":[{"href":"http:\/\/www.viveroscastromartinez.com\/index.php\/wp-json\/wp\/v2\/media?parent=1120"}],"curies":[{"name":"wp","href":"https:\/\/api.w.org\/{rel}","templated":true}]}}