{"id":92,"date":"2020-03-30T19:03:13","date_gmt":"2020-03-30T19:03:13","guid":{"rendered":"http:\/\/www.viveroscastromartinez.com\/?page_id=92"},"modified":"2021-05-01T17:25:19","modified_gmt":"2021-05-01T17:25:19","slug":"quienes-somos","status":"publish","type":"page","link":"http:\/\/www.viveroscastromartinez.com\/index.php\/quienes-somos\/","title":{"rendered":"QUIENES SOMOS"},"content":{"rendered":"\r\n<p class=\"has-text-color\" style=\"color: #2c6f0d; font-size: 22px; text-align: justify;\"><span style=\"font-size: 14pt;\">Viveros de olivos y almendros Castro Mart\u00ednez se encuentra en la localidad de Almod\u00f3var del R\u00edo, en la provincia de C\u00f3rdoba, donde las plantas se desarrollan bajo condiciones t\u00e9cnicas y con regularidad, pasando estrictos controles fitosanitarios logrando una calidad varietal excelente. Nuestra empresa se encuentra registrada en la Junta de Andaluc\u00eda con n\u00famero de productor ES-01-14-0868. El vivero consta de una superficie de 6000 m\u00b2, siendo ampliable seg\u00fan las necesidades del momento. Las plantas de olivo las trabajamos en bolsa de pl\u00e1stico con sustrato de tierra limosa y las plantas en maceta las trabajamos tanto con sustrato de tierra limosa as\u00ed como con turba. Los diferentes patrones que utilizamos para los plantones de almendro son el patr\u00f3n franco garrigu\u00e9s y el h\u00edbrido (GF-677 y GxN-15), ambos pudiendo ser injertados con la variedad deseada por el agricultor. El sistema de riego utilizado en nuestras instalaciones es por nebulizaci\u00f3n y goteo.<\/span><\/p>\r\n\r\n\r\n\r\n<div class=\"wp-block-columns\">\r\n<div class=\"wp-block-column\" style=\"flex-basis: 40.00%;\">\r\n<p class=\"has-text-color has-text-align-center\" style=\"color: #2c6f0d; font-size: 22px;\"><br \/><br \/><br \/><span style=\"text-decoration: underline;\"><strong>DATOS DE CONTACTO<\/strong><\/span><br \/><span style=\"font-size: 14pt;\">Viveros de Olivos y Almendros Castro Mart\u00ednez<\/span><br \/><span style=\"font-size: 14pt;\">Carretera del Puente km 0, Paraje los Llanos, 14720, Almod\u00f3var del R\u00edo (C\u00f3rdoba)<\/span><br \/><span style=\"font-size: 14pt;\">Tel\u00e9fono: <a href=\"tel:+3468431517\">684315172<\/a><\/span><br \/><span style=\"font-size: 14pt;\">E-mail: <a href=\"http:\/\/www.viveroscastromartinez.com\/index.php\/contacto\/\">viveros@viveroscastromartinez.com<\/a><\/span><\/p>\r\n<\/div>\r\n\r\n\r\n\r\n<div class=\"wp-block-column\" style=\"flex-basis: 60.00%;\">\r\n<figure><iframe loading=\"lazy\" style=\"border: 0;\" tabindex=\"0\" src=\"https:\/\/www.google.com\/maps\/embed?pb=!1m18!1m12!1m3!1d3151.8410971310227!2d-5.0100597851891155!3d37.81719081749198!2m3!1f0!2f0!3f0!3m2!1i1024!2i768!4f13.1!3m3!1m2!1s0xd6d29410d5c6fe5%3A0x12b24dce4686183!2sViveros%20Castro%20Martinez!5e0!3m2!1ses!2ses!4v1594378701406!5m2!1ses!2ses\" width=\"600\" height=\"450\" frameborder=\"0\" allowfullscreen=\"allowfullscreen\" aria-hidden=\"false\"><\/iframe><\/figure>\r\n<\/div>\r\n<\/div>\r\n\r\n<p>&nbsp;<\/p>","protected":false},"excerpt":{"rendered":"<p>Viveros de olivos y almendros Castro Mart\u00ednez se encuentra en la localidad de Almod\u00f3var del R\u00edo, en la provincia de C\u00f3rdoba, donde las plantas se desarrollan bajo condiciones t\u00e9cnicas y con regularidad, pasando estrictos controles fitosanitarios logrando una calidad varietal excelente. Nuestra empresa se encuentra registrada en la Junta de Andaluc\u00eda con n\u00famero de productor [&hellip;]<\/p>\n","protected":false},"author":1,"featured_media":0,"parent":0,"menu_order":0,"comment_status":"closed","ping_status":"closed","template":"","meta":[],"yoast_head":"<!-- This site is optimized with the Yoast SEO plugin v17.0 - https:\/\/yoast.com\/wordpress\/plugins\/seo\/ -->\n<title>QUIENES SOMOS - Viveros Castro Mart&iacute;nez<\/title>\n<meta name=\"robots\" content=\"index, follow, max-snippet:-1, max-image-preview:large, max-video-preview:-1\" \/>\n<link rel=\"canonical\" href=\"http:\/\/www.viveroscastromartinez.com\/index.php\/quienes-somos\/\" \/>\n<meta property=\"og:locale\" content=\"es_ES\" \/>\n<meta property=\"og:type\" content=\"article\" \/>\n<meta property=\"og:title\" content=\"QUIENES SOMOS - Viveros Castro Mart&iacute;nez\" \/>\n<meta property=\"og:description\" content=\"Viveros de olivos y almendros Castro Mart\u00ednez se encuentra en la localidad de Almod\u00f3var del R\u00edo, en la provincia de C\u00f3rdoba, donde las plantas se desarrollan bajo condiciones t\u00e9cnicas y con regularidad, pasando estrictos controles fitosanitarios logrando una calidad varietal excelente. Nuestra empresa se encuentra registrada en la Junta de Andaluc\u00eda con n\u00famero de productor [&hellip;]\" \/>\n<meta property=\"og:url\" content=\"http:\/\/www.viveroscastromartinez.com\/index.php\/quienes-somos\/\" \/>\n<meta property=\"og:site_name\" content=\"Viveros Castro Mart&iacute;nez\" \/>\n<meta property=\"article:modified_time\" content=\"2021-05-01T17:25:19+00:00\" \/>\n<meta name=\"twitter:card\" content=\"summary_large_image\" \/>\n<meta name=\"twitter:label1\" content=\"Tiempo de lectura\" \/>\n\t<meta name=\"twitter:data1\" content=\"1 minuto\" \/>\n<script type=\"application\/ld+json\" class=\"yoast-schema-graph\">{\"@context\":\"https:\/\/schema.org\",\"@graph\":[{\"@type\":\"WebSite\",\"@id\":\"https:\/\/www.viveroscastromartinez.com\/#website\",\"url\":\"https:\/\/www.viveroscastromartinez.com\/\",\"name\":\"Viveros Castro Mart&iacute;nez\",\"description\":\"Producci&oacute;n y venta de plantones de olivos y almendros\",\"potentialAction\":[{\"@type\":\"SearchAction\",\"target\":{\"@type\":\"EntryPoint\",\"urlTemplate\":\"https:\/\/www.viveroscastromartinez.com\/?s={search_term_string}\"},\"query-input\":\"required name=search_term_string\"}],\"inLanguage\":\"es\"},{\"@type\":\"WebPage\",\"@id\":\"http:\/\/www.viveroscastromartinez.com\/index.php\/quienes-somos\/#webpage\",\"url\":\"http:\/\/www.viveroscastromartinez.com\/index.php\/quienes-somos\/\",\"name\":\"QUIENES SOMOS - Viveros Castro Mart&iacute;nez\",\"isPartOf\":{\"@id\":\"https:\/\/www.viveroscastromartinez.com\/#website\"},\"datePublished\":\"2020-03-30T19:03:13+00:00\",\"dateModified\":\"2021-05-01T17:25:19+00:00\",\"breadcrumb\":{\"@id\":\"http:\/\/www.viveroscastromartinez.com\/index.php\/quienes-somos\/#breadcrumb\"},\"inLanguage\":\"es\",\"potentialAction\":[{\"@type\":\"ReadAction\",\"target\":[\"http:\/\/www.viveroscastromartinez.com\/index.php\/quienes-somos\/\"]}]},{\"@type\":\"BreadcrumbList\",\"@id\":\"http:\/\/www.viveroscastromartinez.com\/index.php\/quienes-somos\/#breadcrumb\",\"itemListElement\":[{\"@type\":\"ListItem\",\"position\":1,\"name\":\"Portada\",\"item\":\"https:\/\/www.viveroscastromartinez.com\/\"},{\"@type\":\"ListItem\",\"position\":2,\"name\":\"QUIENES SOMOS\"}]}]}<\/script>\n<!-- \/ Yoast SEO plugin. -->","yoast_head_json":{"title":"QUIENES SOMOS - Viveros Castro Mart&iacute;nez","robots":{"index":"index","follow":"follow","max-snippet":"max-snippet:-1","max-image-preview":"max-image-preview:large","max-video-preview":"max-video-preview:-1"},"canonical":"http:\/\/www.viveroscastromartinez.com\/index.php\/quienes-somos\/","og_locale":"es_ES","og_type":"article","og_title":"QUIENES SOMOS - Viveros Castro Mart&iacute;nez","og_description":"Viveros de olivos y almendros Castro Mart\u00ednez se encuentra en la localidad de Almod\u00f3var del R\u00edo, en la provincia de C\u00f3rdoba, donde las plantas se desarrollan bajo condiciones t\u00e9cnicas y con regularidad, pasando estrictos controles fitosanitarios logrando una calidad varietal excelente. Nuestra empresa se encuentra registrada en la Junta de Andaluc\u00eda con n\u00famero de productor [&hellip;]","og_url":"http:\/\/www.viveroscastromartinez.com\/index.php\/quienes-somos\/","og_site_name":"Viveros Castro Mart&iacute;nez","article_modified_time":"2021-05-01T17:25:19+00:00","twitter_card":"summary_large_image","twitter_misc":{"Tiempo de lectura":"1 minuto"},"schema":{"@context":"https:\/\/schema.org","@graph":[{"@type":"WebSite","@id":"https:\/\/www.viveroscastromartinez.com\/#website","url":"https:\/\/www.viveroscastromartinez.com\/","name":"Viveros Castro Mart&iacute;nez","description":"Producci&oacute;n y venta de plantones de olivos y almendros","potentialAction":[{"@type":"SearchAction","target":{"@type":"EntryPoint","urlTemplate":"https:\/\/www.viveroscastromartinez.com\/?s={search_term_string}"},"query-input":"required name=search_term_string"}],"inLanguage":"es"},{"@type":"WebPage","@id":"http:\/\/www.viveroscastromartinez.com\/index.php\/quienes-somos\/#webpage","url":"http:\/\/www.viveroscastromartinez.com\/index.php\/quienes-somos\/","name":"QUIENES SOMOS - Viveros Castro Mart&iacute;nez","isPartOf":{"@id":"https:\/\/www.viveroscastromartinez.com\/#website"},"datePublished":"2020-03-30T19:03:13+00:00","dateModified":"2021-05-01T17:25:19+00:00","breadcrumb":{"@id":"http:\/\/www.viveroscastromartinez.com\/index.php\/quienes-somos\/#breadcrumb"},"inLanguage":"es","potentialAction":[{"@type":"ReadAction","target":["http:\/\/www.viveroscastromartinez.com\/index.php\/quienes-somos\/"]}]},{"@type":"BreadcrumbList","@id":"http:\/\/www.viveroscastromartinez.com\/index.php\/quienes-somos\/#breadcrumb","itemListElement":[{"@type":"ListItem","position":1,"name":"Portada","item":"https:\/\/www.viveroscastromartinez.com\/"},{"@type":"ListItem","position":2,"name":"QUIENES SOMOS"}]}]}},"_links":{"self":[{"href":"http:\/\/www.viveroscastromartinez.com\/index.php\/wp-json\/wp\/v2\/pages\/92"}],"collection":[{"href":"http:\/\/www.viveroscastromartinez.com\/index.php\/wp-json\/wp\/v2\/pages"}],"about":[{"href":"http:\/\/www.viveroscastromartinez.com\/index.php\/wp-json\/wp\/v2\/types\/page"}],"author":[{"embeddable":true,"href":"http:\/\/www.viveroscastromartinez.com\/index.php\/wp-json\/wp\/v2\/users\/1"}],"replies":[{"embeddable":true,"href":"http:\/\/www.viveroscastromartinez.com\/index.php\/wp-json\/wp\/v2\/comments?post=92"}],"version-history":[{"count":37,"href":"http:\/\/www.viveroscastromartinez.com\/index.php\/wp-json\/wp\/v2\/pages\/92\/revisions"}],"predecessor-version":[{"id":1410,"href":"http:\/\/www.viveroscastromartinez.com\/index.php\/wp-json\/wp\/v2\/pages\/92\/revisions\/1410"}],"wp:attachment":[{"href":"http:\/\/www.viveroscastromartinez.com\/index.php\/wp-json\/wp\/v2\/media?parent=92"}],"curies":[{"name":"wp","href":"https:\/\/api.w.org\/{rel}","templated":true}]}}